v*d. Let s(h) = h**3 - 6*h**2 + 5*h + 3. Let b be s(5). Calculate the greatest common divisor of b and d.
3
Let t = 212 - 185. Suppose 792 = t*b - 5580. What is the greatest common factor of 59 and b?
59
Let v be 4*(-4 - 81/(-12)). Suppose 15*k - v*k - 468 = 0. What is the highest common factor of k and 13?
13
Let w = 3863 - 1977. What is the highest common factor of w and 41?
41
Suppose -185*h + 210 = -178*h. Suppose 39*f - 2448 = h*f. Suppose 0 = 3*n - 147 + 45. What is the highest common factor of n and f?
34
Suppose -11*c = 6 - 149. Suppose 17*f + 325 = 22*f. What is the greatest common factor of c and f?
13
Let d be (-378)/(-70)*285/9. What is the highest common divisor of 361 and d?
19
Let k(s) = -13*s. Let f be k(-1). Suppose 0 = 3*q - f - 14. Let t be 2 - 494/(-8) - -36*(-8)/384. What is the greatest common divisor of t and q?
9
Let z be 6 + -6 - (-3492)/2. Suppose 4*q - z = 102. Calculate the greatest common divisor of q and 33.
33
Let o(k) = -k**3 + 10*k**2 - 7*k + 49. Suppose 282*w + 36 = 286*w. Let p be o(w). What is the greatest common factor of 1474 and p?
67
Suppose -6*w + 4*w - 96 = 3*s, 4*s + 254 = -5*w. Let n be (-32)/(-6)*w/(-36). What is the highest common divisor of 12 and n?
4
Let b be 2139 - (-35 + 5)/5. Suppose -5*c + 4*l = -b, -3*c = 2*l + 382 - 1669. Calculate the greatest common factor of 11 and c.
11
Let h(a) = 3 - 6*a + 3 - 1 + 38*a**2. Let o be h(5). Suppose u - 5*c - 197 = 0, 0*c - 5*c = -5*u + o. Calculate the greatest common divisor of 26 and u.
26
Let b = 1797 + 429. Suppose 0 = 5*j - 5, -3*d - 35*j = -32*j - b. Calculate the highest common divisor of d and 13.
13
Let m(j) = -8*j**3 - j**2 + 3. Let s(a) = -a**3 - a**2 + 2. Let k(f) = -m(f) + s(f). Let r be k(1). What is the greatest common factor of r and 48?
6
Suppose -g + 794 = 5*l + 51, 4*g = 12. Suppose -5*z - 17 = -3*o, -z + 4 = -o + 9. Calculate the greatest common factor of o and l.
4
Suppose -24986*x = -24989*x + 69. Calculate the greatest common divisor of x and 5221.
23
Suppose 70*n - 55*n = 2760. Let v = -127 + n. What is the greatest common factor of 304 and v?
19
Let d be -3 - (10/(-6))/(3/9). Suppose 0 = -d*k + 79 - 73. What is the greatest common factor of 27 and k?
3
Let z be 2/7 - (2 + (-36)/21). Suppose 3*w = -z*w + 15, -4*n + 7 = -w. Let r be (-1 - ((2 - 9) + n))*3. Calculate the greatest common divisor of r and 27.
9
Let n = 35 + -21. Suppose 12*s + 34 = n*s. Suppose -93 = -2*w - 3*b, -42 = -2*w - b + 57. What is the highest common divisor of w and s?
17
Let i = -146 - -273. Let v = -55 + i. What is the highest common divisor of 18 and v?
18
Suppose j = -13*j + 1820. Let p = -116 + j. Let r be (7*5)/(-2 - -3). What is the highest common divisor of r and p?
7
Let j(l) = 9*l + 72. Let d be j(-8). Suppose 4*c + d*p = 4*p + 72, 5*c - 4*p = 86. What is the greatest common factor of 938 and c?
14
Suppose 14 = -2*p + 50. Let u be 162304/184 + (-42)/483. What is the greatest common divisor of u and p?
18
Let h = -5650 - -6040. Calculate the greatest common divisor of 435 and h.
15
Let d be (-164)/40 + 4 + 39/(-10) - -20. What is the highest common divisor of 9952 and d?
16
Let w = 23973 - 23873. What is the highest common divisor of 710 and w?
10
Let t = 3503 - 753. Suppose -11*w = -21*w + t. Suppose -5*v + 0*v = -x + 55, 4*v = 5*x - w. What is the greatest common divisor of 22 and x?
11
Let y be (6 + -6)*10/40. Suppose 23*d + 1790 = 25*d - 4*s, y = -4*d + s + 3545. What is the highest common factor of 59 and d?
59
Suppose 351 = -39*i + 40*i - 2*v, 3*v = 9. What is the greatest common divisor of i and 459?
51
Let r be 8 - 24/20*5. Suppose r*s - 3650 = -m - 3*m, m - 4*s - 917 = 0. What is the greatest common divisor of m and 83?
83
Let h be (-63)/(-1) - (1 - 2). Let v(b) = b**3 - 28*b**2 + 58*b + 4. Suppose 14*d - 104 = 260. Let z be v(d). Calculate the highest common factor of z and h.
32
Let s = -2390 + 2518. What is the greatest common divisor of 106 and s?
2
Suppose -8*s = -3*s - 5, 0 = -2*c - 5*s + 837. Suppose 0 = 28*w - 24*w - c. Calculate the highest common factor of 8 and w.
8
Let u(k) = 9*k**2 - 50*k - 11. Let r be u(7). Calculate the greatest common factor of r and 2130.
10
Let f(m) = 2*m**2 - 27*m - 17. Let d be f(14). Let p be (d - 0) + (467 - 4). What is the greatest common factor of p and 20?
20
Suppose -12*j - 1681 = -565. Let h = j + 159. Calculate the highest common factor of h and 33.
33
Suppose 110*g = 215*g - 113*g + 19000. What is the greatest common factor of 19 and g?
19
Let d be (-4)/28 - (1 - (-258)/(-42)). What is the greatest common factor of d and 1145?
5
Let m be 3/5 + 1 - 4/(-10). Let q be (4 - 4)*m/(-4). Suppose -22*u + 20*u + 18 = q. Calculate the highest common factor of 153 and u.
9
Let s(w) = 25*w**3 + w**2. Let g be s(1). Let z(p) = 40*p**2 - 83*p - 37. Let f be z(-3). Calculate the highest common divisor of g and f.
26
Suppose 0 = 411*l - 403*l + 2992. Let j be (-1 - l - 3)*1. Calculate the highest common factor of 148 and j.
74
Suppose -2*s + 6*s + 5*u - 560 = 0, 700 = 5*s - u. Suppose 0 = -86*p + 126*p - 4200. What is the highest common factor of s and p?
35
Suppose -t - 2*n - n = -17, -5*t + 2*n + 119 = 0. Suppose 2*w - 40 = -3*g - 2*g, -3*g = -12. Let o = w + t. What is the greatest common factor of o and 11?
11
Let j = 118 - 118. Suppose -2*h - 6 + 0 = 0, j = y + 2*h - 5. Let g be 11/((-1)/(-3)*3). What is the greatest common divisor of y and g?
11
Let t(f) = 110*f + 264. Let y be t(2). Calculate the greatest common divisor of y and 11.
11
Let x be (1 - (-2)/(-3))/((-3)/(-252)). Let w be x + 3*28/(-21). Calculate the highest common factor of w and 264.
24
Let b be (-4)/(-3)*(-8)/(32/66). Let q be 1856/88 - (-2)/b. Calculate the highest common divisor of 672 and q.
21
Suppose -6*r = -1 - 65. Suppose -4*g - 3*k = -480, -g + r*k - 6*k = -120. What is the highest common divisor of 24 and g?
24
Let k(x) = 8*x + 29. Let b(d) = d. Let c(v) = 6*b(v) - k(v). Let q be c(-16). Suppose -q*w + 29 = 11. Calculate the greatest common factor of w and 9.
3
Let b be -4 + (1 + -4)/((-6)/3272). Suppose 15*w = 1023 + b. What is the greatest common divisor of w and 118?
59
Let n(q) = -q - 15. Let w be n(-19). Suppose w*r = -r - 5*y + 95, -5*r = 2*y - 86. What is the highest common factor of r and 4?
4
Let g = -759 - -783. Calculate the highest common divisor of 168 and g.
24
Let v(p) = 17*p - 685. Let j be v(45). Calculate the highest common divisor of 340 and j.
20
Let l(m) = 5*m**2 - 29*m + 89. Let b be l(7). Calculate the greatest common divisor of 13493 and b.
131
Let p = -42 + 36. Let r be (11 + 37)/(p/(-16)). Suppose 3*f = 5*f - 32. Calculate the highest common divisor of f and r.
16
Let f(n) = n**3 - 22*n**2 + 19*n + 45. Let o be f(21). Let v be ((-108)/(-14))/o*(-3920)/(-120). What is the greatest common divisor of v and 72?
12
Let i(b) = b**2 - 55*b + 408. Let p be i(48). What is the highest common factor of 952 and p?
8
Suppose -12 = -10*p + 6*p, p = -3*c + 84. Suppose -5*l = -172 + c. Calculate the highest common factor of l and 232.
29
Suppose 109*z = 120*z - 792. Let j be ((-2)/(16/6))/(z/(-1248)). Calculate the highest common factor of j and 403.
13
Suppose 956 = 5*c - 114*o + 115*o, -3*c - 4*o + 560 = 0. Let x be (-2)/(-10) + (-58)/(-10). What is the greatest common divisor of x and c?
6
Suppose g + 20 = 6*g. Let l be 5 - (-6)/18*-15. Suppose 3*w - g*y - 6 = 12, -2*y = l. Calculate the highest common divisor of 24 and w.
6
Let a be (2/13)/(32/416). Calculate the highest common factor of 850 and a.
2
Let l be ((-132)/9)/(1/6 - (-2227)/(-7074)). What is the highest common factor of l and 1221?
33
Let t = -4994 + 5002. What is the greatest common factor of 158 and t?
2
Suppose 9*c = -9*c + 2*c + 1840. Suppose 5*a - 20 = -4*n, n + 0*a - 5 = -4*a. Calculate the highest common divisor of n and c.
5
Let s = -150 - -96. Let o = 47 + s. Let x(l) = l + 8. Let r be x(o). What is the greatest common divisor of r and 1?
1
Suppose 12*s = 20*s - 352. Suppose -5*j - 3*k = -0*k - s, 2*j - 2*k = 8. Calculate the greatest common divisor of 112 and j.
7
Let f(d) = -12*d - 2. Let w be f(-1). Suppose 42*v - 53*v = -110. Calculate the greatest common divisor of v and w.
10
Let c = 6 - -3. Let f be (10/(-3))/((-3)/c). Suppose 0 = -f